t are the prime factors of 25?
5
What are the prime factors of 30935?
5, 23, 269
What are the prime factors of 1716?
2, 3, 11, 13
List the prime factors of 2606.
2, 1303
What are the prime factors of 5818?
2, 2909
What are the prime factors of 1226?
2, 613
List the prime factors of 651.
3, 7, 31
List the prime factors of 7013.
7013
What are the prime factors of 398?
2, 199
List the prime factors of 15333.
3, 19, 269
What are the prime factors of 29164?
2, 23, 317
List the prime factors of 29707.
61, 487
What are the prime factors of 711?
3, 79
List the prime factors of 17115.
3, 5, 7, 163
What are the prime factors of 6904?
2, 863
What are the prime factors of 24250?
2, 5, 97
List the prime factors of 1394.
2, 17, 41
What are the prime factors of 2147?
19, 113
List the prime factors of 37290.
2, 3, 5, 11, 113
List the prime factors of 18465.
3, 5, 1231
List the prime factors of 3469.
3469
What are the prime factors of 7928?
2, 991
What are the prime factors of 68222?
2, 7, 11, 443
List the prime factors of 9246.
2, 3, 23, 67
What are the prime factors of 1672?
2, 11, 19
What are the prime factors of 6295?
5, 1259
What are the prime factors of 44463?
3, 14821
What are the prime factors of 1796?
2, 449
List the prime factors of 9711.
3, 13, 83
List the prime factors of 1868.
2, 467
List the prime factors of 13087.
23, 569
List the prime factors of 26982.
2, 3, 1499
What are the prime factors of 40487?
40487
List the prime factors of 776.
2, 97
List the prime factors of 2352.
2, 3, 7
List the prime factors of 44716.
2, 7, 1597
What are the prime factors of 89708?
2, 41, 547
List the prime factors of 1111.
11, 101
List the prime factors of 5705.
5, 7, 163
What are the prime factors of 1887?
3, 17, 37
List the prime factors of 37609.
11, 13, 263
What are the prime factors of 23864?
2, 19, 157
List the prime factors of 1647.
3, 61
What are the prime factors of 63615?
3, 5, 4241
List the prime factors of 98645.
5, 109, 181
What are the prime factors of 19981?
13, 29, 53
What are the prime factors of 2342?
2, 1171
What are the prime factors of 2?
2
List the prime factors of 1241.
17, 73
What are the prime factors of 4455?
3, 5, 11
What are the prime factors of 265?
5, 53
What are the prime factors of 1909?
23, 83
List the prime factors of 456.
2, 3, 19
What are the prime factors of 13636?
2, 7, 487
What are the prime factors of 5544?
2, 3, 7, 11
What are the prime factors of 1954?
2, 977
What are the prime factors of 6123?
3, 13, 157
What are the prime factors of 5649?
3, 7, 269
List the prime factors of 19508.
2, 4877
What are the prime factors of 1374?
2, 3, 229
What are the prime factors of 4397?
4397
What are the prime factors of 40362?
2, 3, 7, 31
What are the prime factors of 56013?
3, 18671
What are the prime factors of 154?
2, 7, 11
List the prime factors of 1813.
7, 37
List the prime factors of 12103.
7, 13, 19
What are the prime factors of 2886?
2, 3, 13, 37
List the prime factors of 88149.
3, 29383
List the prime factors of 2442.
2, 3, 11, 37
List the prime factors of 316.
2, 79
What are the prime factors of 75053?
11, 6823
List the prime factors of 1827.
3, 7, 29
List the prime factors of 1620.
2, 3, 5
What are the prime factors of 36?
2, 3
List the prime factors of 2789.
2789
List the prime factors of 44.
2, 11
What are the prime factors of 9381?
3, 53, 59
List the prime factors of 6993.
3, 7, 37
What are the prime factors of 727?
727
What are the prime factors of 221?
13, 17
List the prime factors of 1571.
1571
List the prime factors of 1035.
3, 5, 23
What are the prime factors of 1236?
2, 3, 103
List the prime factors of 28628.
2, 17, 421
What are the prime factors of 406?
2, 7, 29
What are the prime factors of 31276?
2, 7, 1117
List the prime factors of 3109.
3109
List the prime factors of 13611.
3, 13, 349
What are the prime factors of 623?
7, 89
What are the prime factors of 80329?
80329
What are the prime factors of 16127?
16127
What are the prime factors of 225?
3, 5
What are the prime factors of 2418?
2, 3, 13, 31
List the prime factors of 3229.
3229
List the prime factors of 4182.
2, 3, 17, 41
List the prime factors of 2545.
5, 509
What are the prime factors of 38?
2, 19
List the prime factors of 1409.
1409
List the prime factors of 1034.
2, 11, 47
List the prime factors of 6992.
2, 19, 23
List the prime factors of 1558.
2, 19, 41
List the prime factors of 18825.
3, 5, 251
What are the prime factors of 567?
3, 7
What are the prime factors of 1708?
2, 7, 61
What are the prime factors of 129844?
2, 11, 13, 227
List the prime factors of 647.
647
List the prime factors of 1672.
2, 11, 19
What are the prime factors of 6572?
2, 31, 53
What are the prime factors of 445?
5, 89
What are the prime factors of 789?
3, 263
List the prime factors of 12024.
2, 3, 167
List the prime factors of 261.
3, 29
What are the prime factors of 3030?
2, 3, 5, 101
List the prime factors of 701.
701
What are the prime factors of 95650?
2, 5, 1913
List the prime factors of 550.
2, 5, 11
What are the prime factors of 28062?
2, 3, 1559
List the prime factors of 80.
2, 5
List the prime factors of 1593.
3, 59
List the prime factors of 12807.
3, 1423
What are the prime factors of 984?
2, 3, 41
List the prime factors of 69260.
2, 5, 3463
What are the prime factors of 1053?
3, 13
List the prime factors of 1269.
3, 47
List the prime factors of 21257.
29, 733
List the prime factors of 4256.
2, 7, 19
List the prime factors of 797.
797
What are the prime factors of 56872?
2, 7109
List the prime factors of 414.
2, 3, 23
What are the prime factors of 74768?
2, 4673
List the prime factors of 10632.
2, 3, 443
What are the prime factors of 700?
2, 5, 7
List the prime factors of 3122.
2, 7, 223
List the prime factors of 5072.
2, 317
What are the prime factors of 1002?
2, 3, 167
List the prime factors of 36699.
3, 13, 941
List the prime factors of 6175.
5, 13, 19
What are the prime factors of 33405?
3, 5, 17, 131
What are the prime factors of 1717?
17, 101
What are the prime factors of 3308?
2, 827
What are the prime factors of 107615?
5, 21523
What are the prime factors of 16043?
61, 263
List the prime factors of 47458.
2, 61, 389
What are the prime factors of 86842?
2, 7, 6203
What are the prime factors of 2122?
2, 1061
List the prime factors of 12799.
12799
List the prime factors of 27724.
2, 29, 239
List the prime factors of 22555.
5, 13, 347
List the prime factors of 11809.
7, 241
What are the prime factors of 36006?
2, 3, 17, 353
List the prime factors of 3457.
3457
List the prime factors of 14907.
3, 4969
List the prime factors of 83877.
3, 73, 383
What are the prime factors of 1617?
3, 7, 11
List the prime factors of 2302.
2, 1151
What are the prime factors of 37051?
7, 67, 79
What are the prime factors of 27093?
3, 11, 821
What are the prime factors of 273?
3, 7, 13
List the prime factors of 1294.
2, 647
List the prime factors of 7026.
2, 3, 1171
What are the prime factors of 496?
2, 31
List the prime factors of 14428.
2, 3607
List the prime factors of 643.
643
What are the prime factors of 165710?
2, 5, 73, 227
What are the prime factors of 51740?
2, 5, 13, 199
What are the prime factors of 45270?
2, 3, 5, 503
What are the prime factors of 171098?
2, 85549
What are the prime factors of 1826?
2, 11, 83
What are the prime factors of 118685?
5, 7, 3391
List the prime factors of 4700.
2, 5, 47
What are the prime factors of 216?
2, 3
List the prime factors of 20373.
3, 6791
What are the prime factors of 101395?
5, 7, 2897
List the prime factors of 9440.
2, 5, 59
List the prime factors of 74405.
5, 23, 647
What are the prime factors of 2459?
2459
List the prime factors of 36444.
2, 3, 3037
What are the prime factors of 798?
2, 3, 7, 19
What are the prime factors of 28690?
2, 5, 19, 151
List the prime factors of 7070.
2, 5, 7, 101
List the prime factors of 23101.
13, 1777
List the prime factors of 13861.
83, 167
What are the prime factors of 63387?
3, 7043
What are the prime factors of 188779?
188779
List the prime factors of 5630.
2, 5, 563
List the prime factors of 10962.
2, 3, 7, 29
List the prime factors of 5177.
31, 167
List the prime factors of 1989.
3, 13, 17
List the prime factors of 19073.
19073
List the prime factors of 17499.
3, 19, 307
List the prime factor